t a(t) = 17*t - 129. Let j = 464 + -455. Calculate the remainder when a(j) is divided by 4.
0
Suppose -3*h + 8 = -4*h + 41. Calculate the remainder when 9567 is divided by h.
30
Let x = -2 - -12. Let v(y) = -y**3 - 7*y**2 + 8*y + 3. Let h be v(-8). Suppose x = h*l - l. What is the remainder when 7 is divided by l?
2
Suppose -2*i + 4*m + 205 + 57 = 0, 0 = -5*i - 4*m + 585. What is the remainder when i is divided by 58?
5
What is the remainder when 36 is divided by 132/42 + (-4 + 135/35)*1?
0
Suppose 11*t - 2*u = 16*t - 612, 5*t + 4*u - 614 = 0. Suppose -2*n - 170 = -7*n. Calculate the remainder when t is divided by n.
20
Let c = -353 + 357. Suppose 4*v - 165 + 61 = -5*i, -112 = -c*v - 3*i. What is the remainder when 401 is divided by v?
29
Let h(g) = -g**3 - 15*g**2 - g - 9. Let v be h(-15). Calculate the remainder when 108 is divided by (-6)/3*(9/v)/(-1).
0
Let g be 2/(-6) + 4/(12 - 0). Suppose 4*v + 2*q + 106 = g, -5*v + 60 - 215 = -5*q. Let m = v + 31. What is the remainder when 8 is divided by m?
2
Let n(s) = s**3 + 8*s**2 - 5*s - 31. Let z be n(-8). What is the remainder when 1506/z - 13/39 is divided by 24?
23
Let r = -103 - -161. Suppose r - 268 = -6*u. Calculate the remainder when 414/(-21)*(-2 + -5) is divided by u.
33
Suppose 0 = -44*v + 38*v + 24. Suppose -v*d = 5*d - 2016. Calculate the remainder when d is divided by 25.
24
Suppose -184 = -l + 701. Suppose -2*y - 2*a + 139 = a, -5*y + 4*a + 382 = 0. What is the remainder when l is divided by y?
71
Suppose 0 = q + 3, m + 5*q = 34 + 16. Suppose -m = -8*y + 7*y + 2*i, -132 = -2*y + 3*i. Calculate the remainder when y is divided by 25.
19
Suppose -i + 4*i = -2*s + 144, 5*s - 3*i - 402 = 0. Suppose 33 - s = 3*c. Calculate the remainder when (c - -9)*18/(-4) is divided by 8.
3
Suppose -3*x + 2952 = w, -74*x + 3*w = -78*x + 3931. Calculate the remainder when x is divided by 76.
73
Let d be ((-20)/(-5) + -3)*-8. What is the remainder when 41 is divided by 1*2*(-1 + (-2 - d))?
1
Suppose -i - 30 = -3*i. Let c(q) = -q**3 - 11*q**2 + 18*q + 70. Let s be c(-12). Let x = i - s. Calculate the remainder when x is divided by 10.
7
Suppose -3*w = -w - w. Let h be (-64)/(-3) - (1 + w)/3. Let s = h - 12. Calculate the remainder when 14 is divided by s.
5
Suppose 0 = -8*g + 438 + 98. Let s = 82 - g. Calculate the remainder when 54 is divided by s.
9
Suppose 0 = -6*u - 0 - 258. Let a be 190/4 + 2/4. Let j = u + a. What is the remainder when j is divided by 2?
1
Let l(c) = c**3 + 22*c**2 - c + 36. What is the remainder when l(-21) is divided by 34?
22
Suppose 2*c - 5*g = 7*c - 10, -5*c + 2*g - 4 = 0. Suppose c = -2*r - 5*p + 137, 2*p = -4*r + r + 211. What is the remainder when r is divided by 39?
32
Let q(g) = -g**3 - 5*g**2 + 12*g + 10. Let u be q(-8). Let c = 10 - u. Let s = -45 - c. What is the remainder when 202 is divided by s?
49
Let k be 3*-1*(-2 + (-4)/(-4)). Let p(n) = 13 - n**2 + k*n - 6*n + 11*n. What is the remainder when 51 is divided by p(8)?
12
Let k(u) = -8*u**3 + 4*u**2 + 4*u - 1. Let x be k(4). Let r = -296 - x. Calculate the remainder when r is divided by 49.
39
Let g be (-13 + -19)/(1/(-2)). Suppose g = 3*z + 25. Calculate the remainder when 64 is divided by z.
12
Let h = -15 + 15. What is the remainder when 31 is divided by (h + 21)/3 - (-4)/1?
9
Let l(z) = z**3 + 17*z**2 + 18*z - 12. Calculate the remainder when l(-14) is divided by 65.
64
Let n(i) = 4*i + 76. What is the remainder when 517 is divided by n(-8)?
33
Let a be 2/5 + 480/(-75). Suppose 4*j + 41*h = 46*h + 24, 0 = -2*j + h + 18. What is the remainder when (4/a)/(4/(-186)) is divided by j?
9
Suppose -4*n = l - 11, -4 = -2*l + 14*n - 13*n. Suppose 5*c - 12 = 3*c + l*y, -4 = -2*y. What is the remainder when 11 is divided by c?
2
Let r(n) = -n**2 - 2*n + 117. Let h be r(-15). Let a = h + 104. Calculate the remainder when 102 is divided by a.
24
Suppose -3*b - 162 + 312 = 3*t, 241 = 5*t - 4*b. Calculate the remainder when 156 is divided by t.
9
Suppose s + 21 - 74 = -2*x, -3*x + s + 87 = 0. Suppose 32*n - 1392 = x*n. Calculate the remainder when n is divided by 14.
12
Let a be 9 + (-94)/10 + 977/5. Let q = a + -152. What is the remainder when 384 is divided by q?
40
Suppose -u + 780 = 4*u - 5*a, 162 = u - 3*a. Suppose 3 - u = -25*d. Calculate the remainder when 28 is divided by d.
4
Let i = -374 + 401. Suppose 21*d = i*d - 102. What is the remainder when 339 is divided by d?
16
Let q be (0 - 15/(-1))/(2/8). Suppose 4*t - 16 = -q. Let u(w) = w**2 + 6*w - 33. Calculate the remainder when 37 is divided by u(t).
15
Let g(r) = -8*r**2 - 1 - 64*r - 10*r**2 - r**3 + 2*r**2 + 6. What is the remainder when 78 is divided by g(-8)?
3
Let d = -6968 - -6981. Let y = -36 + 51. What is the remainder when y is divided by d?
2
Suppose -4*a - 40 = 5*m - 0, 0 = 4*a + 20. Suppose -175 = -3*d - 2*d - 5*z, -2*d = -5*z - 56. Let u = m + d. Calculate the remainder when u is divided by 18.
11
Suppose -g = 4*h - 70, -5*g - 2689 + 3264 = -5*h. Calculate the remainder when g is divided by -2 + (19 + -2 - -1).
10
Suppose 100 = 5*h - 2*b, 3*h - 79 = 2*b + 3*b. Let f = 2596 + -2543. What is the remainder when f is divided by h?
17
Let y(w) = -w**3 + 2*w**2 - 6*w + 32. Let r be y(3). Suppose -2*i + b + 30 = -19, 135 = 5*i - r*b. What is the remainder when 37 is divided by i?
15
Let j = 148 - 399. Let x = 388 + j. Calculate the remainder when x is divided by 47.
43
Suppose 2*h - 5*q - 64 = 0, -3*q + 8 = -4. Suppose 4*u - 45*b = -h*b - 1, -4*u - 2*b + 14 = 0. What is the remainder when -6*-1*8/6 is divided by u?
0
Let t = -122 - -130. What is the remainder when 4 + 1 + t + (6 - -171) is divided by 28?
22
Let t = -46 + 99. Let k(f) = t + 2*f - f - f + 2*f. What is the remainder when 24 is divided by k(-24)?
4
Suppose 33*y = 9*y + 696. Let r = 77 + 36. Calculate the remainder when r is divided by y.
26
Suppose -5*p + 60 = 10*k, 3*p - 96 = -2*k - 36. What is the remainder when 332 is divided by p?
20
Let f = 7743 - 4880. What is the remainder when f is divided by 316?
19
Suppose 3*p = -9 + 3, -2*r - 2*p = -178. Let q = r - 32. Suppose 0 = -8*z - 143 + 239. What is the remainder when q is divided by z?
11
Let l = -90 - -90. Suppose 5 = -l*o + o. Let s = -3 + o. What is the remainder when 7 is divided by s?
1
Suppose 645*v = 625*v + 560. Let k = -10 + 13. Let t(x) = 9*x**2 - 1. Calculate the remainder when t(k) is divided by v.
24
Suppose -51 = -7*q - 23. Suppose z + 4*u = 57, 53 = 5*z - q*u - 232. What is the remainder when z is divided by 6?
3
Let d(m) = -204*m + 2508. Calculate the remainder when 2698 is divided by d(12).
58
Let w(d) = -48*d + 130. Let h be w(-4). Suppose 3*u - h = 1310. What is the remainder when u is divided by 91?
89
Let m = -154 - -158. Suppose m*q = -4*c + 124, 0 = -c + 2*q + q + 31. What is the remainder when 54 is divided by c?
23
Let l be 1/(4/122)*(-38)/(-19). Suppose -4*b - l + 69 = 0. What is the remainder when 8 is divided by b?
0
Calculate the remainder when 18529 is divided by ((-106)/(-636))/(1*3/180).
9
Let n be ((-15)/9 - -1)*(-3)/1. Suppose -n*p = -0*p + 2, 5*u + p - 94 = 0. What is the remainder when 91 is divided by u?
15
Let d be (2/4)/(13/2496*8). What is the remainder when 117 is divided by d/(-8) - -3 - (-22)/4?
5
Let t(l) = 15*l - 9. Suppose -3*i - 3 = d - 4*d, 0 = 5*d + 5*i - 45. Let y be t(d). Let s = y - 61. Calculate the remainder when 15 is divided by s.
0
Let n = 69265 - 69234. Let g(b) = b**3 - 5*b**2 - 5*b + 2. Calculate the remainder when n is divided by g(6).
7
Let k(x) = -439*x - 1618. Calculate the remainder when 253 is divided by k(-4).
115
Let q(p) = p**3 + 8*p**2 - 13*p - 11. Suppose 5*j - 187 = 33. Suppose -19 - j = 7*v. What is the remainder when 48 is divided by q(v)?
23
Let j(k) = 0*k - 3*k - 10*k + 6*k**2 + 31 + 0*k. What is the remainder when j(4) is divided by 6?
3
Let y be 8 + -3 - 9/(18/8). What is the remainder when 80 is divided by 30*41/123*(y + 0)?
0
Suppose 31 = 3*w + 40, -35*n = -w - 27968. What is the remainder when n is divided by 370?
59
Suppose 19*y - 1123 = -45 + 290. Calculate the remainder when 215 is divided by y.
71
Let l(w) = 11*w**2 + 453*w + 908. Calculate the remainder when 595 is divided by l(-2).
43
Suppose -26442 = 175*i - 2209*i. Let t = 141 + -67. What is the remainder